486?
9
What is the remainder when 2159 is divided by 198?
179
What is the remainder when 19564 is divided by 183?
166
Calculate the remainder when 354000 is divided by 142.
136
Calculate the remainder when 18695 is divided by 4670.
15
Calculate the remainder when 21704 is divided by 10800.
104
What is the remainder when 6974 is divided by 6896?
78
Calculate the remainder when 2947 is divided by 1887.
1060
Calculate the remainder when 64872 is divided by 361.
253
Calculate the remainder when 479805 is divided by 147.
144
Calculate the remainder when 421072 is divided by 183.
172
Calculate the remainder when 11832 is divided by 115.
102
What is the remainder when 376001 is divided by 268?
265
What is the remainder when 27880 is divided by 929?
10
What is the remainder when 1957 is divided by 435?
217
Calculate the remainder when 5044 is divided by 323.
199
What is the remainder when 140172 is divided by 105?
102
What is the remainder when 1755 is divided by 106?
59
Calculate the remainder when 109938 is divided by 1617.
1599
Calculate the remainder when 40282 is divided by 10069.
6
Calculate the remainder when 15335 is divided by 136.
103
What is the remainder when 20798 is divided by 1253?
750
What is the remainder when 8187 is divided by 23?
22
What is the remainder when 1655 is divided by 1653?
2
What is the remainder when 81886 is divided by 515?
1
Calculate the remainder when 3251 is divided by 181.
174
Calculate the remainder when 266998 is divided by 890.
888
Calculate the remainder when 17075 is divided by 57.
32
What is the remainder when 11646 is divided by 530?
516
What is the remainder when 4237 is divided by 537?
478
What is the remainder when 36744 is divided by 9172?
56
Calculate the remainder when 147711 is divided by 1847.
1798
Calculate the remainder when 358084 is divided by 118.
72
Calculate the remainder when 7158 is divided by 836.
470
What is the remainder when 5215 is divided by 1735?
10
What is the remainder when 50331 is divided by 71?
63
Calculate the remainder when 19614 is divided by 52.
10
What is the remainder when 10561 is divided by 2637?
13
What is the remainder when 534 is divided by 218?
98
What is the remainder when 5496 is divided by 1815?
51
What is the remainder when 23050 is divided by 200?
50
What is the remainder when 131808 is divided by 41?
34
What is the remainder when 15452 is divided by 2574?
8
What is the remainder when 112502 is divided by 71?
38
What is the remainder when 101896 is divided by 44?
36
Calculate the remainder when 1552893 is divided by 16.
13
What is the remainder when 695 is divided by 351?
344
What is the remainder when 65003 is divided by 15?
8
What is the remainder when 2575 is divided by 101?
50
What is the remainder when 581631 is divided by 123?
87
Calculate the remainder when 103064 is divided by 290.
114
Calculate the remainder when 60200 is divided by 284.
276
What is the remainder when 799746 is divided by 34?
32
Calculate the remainder when 65979 is divided by 357.
291
Calculate the remainder when 6508 is divided by 102.
82
Calculate the remainder when 26190 is divided by 6540.
30
Calculate the remainder when 9041 is divided by 9019.
22
Calculate the remainder when 11286 is divided by 418.
0
Calculate the remainder when 41524 is divided by 61.
44
Calculate the remainder when 905 is divided by 205.
85
What is the remainder when 28376 is divided by 661?
614
Calculate the remainder when 3467 is divided by 72.
11
Calculate the remainder when 295821 is divided by 29576.
61
Calculate the remainder when 260915 is divided by 5017.
31
Calculate the remainder when 14813 is divided by 3652.
205
Calculate the remainder when 719 is divided by 189.
152
What is the remainder when 65564 is divided by 4682?
16
What is the remainder when 13728 is divided by 13707?
21
What is the remainder when 166542 is divided by 225?
42
What is the remainder when 7861 is divided by 75?
61
What is the remainder when 7198 is divided by 65?
48
Calculate the remainder when 1480182 is divided by 526.
18
What is the remainder when 21150107 is divided by 306?
305
Calculate the remainder when 2866 is divided by 60.
46
Calculate the remainder when 3906 is divided by 848.
514
Calculate the remainder when 172615 is divided by 17.
14
Calculate the remainder when 168998 is divided by 32.
6
Calculate the remainder when 7909 is divided by 1580.
9
What is the remainder when 6153 is divided by 186?
15
What is the remainder when 29804 is divided by 523?
516
What is the remainder when 18259 is divided by 9128?
3
What is the remainder when 7439 is divided by 3573?
293
Calculate the remainder when 609759 is divided by 103.
102
Calculate the remainder when 5919 is divided by 5827.
92
Calculate the remainder when 23805 is divided by 10.
5
Calculate the remainder when 355118 is divided by 230.
228
What is the remainder when 10720 is divided by 1515?
115
Calculate the remainder when 14057 is divided by 213.
212
Calculate the remainder when 207478 is divided by 65.
63
What is the remainder when 238 is divided by 97?
44
Calculate the remainder when 21386 is divided by 6.
2
What is the remainder when 133640 is divided by 1469?
1430
Calculate the remainder when 3811 is divided by 48.
19
What is the remainder when 12923 is divided by 64?
59
What is the remainder when 12613 is divided by 3877?
982
Calculate the remainder when 4299 is divided by 715.
9
Calculate the remainder when 19602 is divided by 116.
114
Calculate the remainder when 10141 is divided by 90.
61
Calculate the remainder when 5978 is divided by 139.
1
Calculate the remainder when 2984 is divided by 25.
9
Calculate the remainder when 87900 is divided by 5143.
469
Calculate the remainder when 12504 is divided by 35.
9
What is the remainder when 1926 is divided by 189?
36
What is the remainder when 8106 is divided by 245?
21
Calculate the remainder when 8480 is divided by 386.
374
What is the remainder when 6116 is divided by 6101?
15
What is the remainder when 111359 is divided by 1888?
1855
What is the remainder when 8458 is divided by 381?
76
What is the remainder when 8410 is divided by 461?
112
What is the remainder when 86357 is divided by 114?
59
Calculate the remainder when 26426 is divided by 26383.
43
Calculate the remainder when 329982 is divided by 1500.
1482
Calculate the remainder when 186044 is divided by 26569.
61
Calculate the remainder when 41414 is divided by 41343.
71
Calculate the remainder when 129320 is divided by 166.
6
Calculate the remainder when 41775 is divided by 13810.
345
What is the remainder when 1046 is divided by 971?
75
What is the remainder when 40183 is divided by 141?
139
Calculate the remainder when 122214 is divided by 2222.
4
What is the remainder when 1072 is divided by 509?
54
What is the remainder when 10991 is divided by 731?
26
What is the remainder when 1654 is divided by 525?
79
Calculate the remainder when 8273 is divided by 34.
11
What is the remainder when 3931 is divided by 389?
41
What is the remainder when 8780 is divided by 736?
684
Calculate the remainder when 62422 is divided by 91.
87
What is the remainder when 9788 is divided by 286?
64
Calculate the remainder when 5416 is divided by 515.
266
What is the remainder when 27431 is divided by 7?
5
What is the remainder when 43593 is divided by 793?
771
Calculate the remainder when 5327 is divided by 152.
7
What is the remainder when 7338 is divided by 108?
102
Calculate the remainder when 103738 is divided by 780.
778
Calculate the remainder when 2246 is divided by 2226.
20
What is the remainder when 161662 is divided by 781?
776
Calculate the remainder when 5149 is divided by 1674.
127
Calculate the remainder when 4661 is divided by 598.
475
Calculate the remainder when 9820 is divided by 411.
367
Calculate the remainder when 82106 is divided by 42.
38
Calculate the remainder when 2528 is divided by 120.
8
What is the remainder when 1918 is divided by 119?
14
Calculate the remainder when 19947 is divided by 75.
72
Calculate the remainder when 13948 is divided by 995.
18
What is the remainder when 441 is divided by 109?
5
Calculate the remainder when 84384 is divided by 578.
574
What is the remainder when 14025 is divided by 501?
498
What is the remainder when